{"id":2028,"date":"2023-11-02T18:15:49","date_gmt":"2023-11-02T21:15:49","guid":{"rendered":"https:\/\/www.gruposamaritano.com.br\/ges\/?page_id=2028"},"modified":"2023-11-02T18:15:49","modified_gmt":"2023-11-02T21:15:49","slug":"trabalhos-sociais-1","status":"publish","type":"page","link":"https:\/\/www.gruposamaritano.com.br\/ges\/trabalhos-sociais-1\/","title":{"rendered":"Trabalhos sociais 1"},"content":{"rendered":"<ul>\n<li>\n<h3><u><b>Gestantes<\/b><\/u><\/h3>\n<\/li>\n<li>\n<h3>Desde sua funda\u00e7\u00e3o este trabalho funciona regularmente acolhendo as futuras<b> Mam\u00e3es <\/b>proporcionando <b>Cestas B\u00e1sicas, enxovais <\/b>(confeccionados no GES),<b> leite, al\u00e9m de palestras educativas<\/b>.<\/h3>\n<\/li>\n<\/ul>\n","protected":false},"excerpt":{"rendered":"<p>Gestantes Desde sua funda\u00e7\u00e3o este trabalho funciona regularmente acolhendo as futuras Mam\u00e3es proporcionando Cestas B\u00e1sicas, enxovais (confeccionados no GES), leite, al\u00e9m de palestras educativas.<\/p>\n","protected":false},"author":2,"featured_media":0,"parent":0,"menu_order":0,"comment_status":"closed","ping_status":"closed","template":"","meta":{"footnotes":""},"class_list":["post-2028","page","type-page","status-publish","hentry"],"_links":{"self":[{"href":"https:\/\/www.gruposamaritano.com.br\/ges\/wp-json\/wp\/v2\/pages\/2028","targetHints":{"allow":["GET"]}}],"collection":[{"href":"https:\/\/www.gruposamaritano.com.br\/ges\/wp-json\/wp\/v2\/pages"}],"about":[{"href":"https:\/\/www.gruposamaritano.com.br\/ges\/wp-json\/wp\/v2\/types\/page"}],"author":[{"embeddable":true,"href":"https:\/\/www.gruposamaritano.com.br\/ges\/wp-json\/wp\/v2\/users\/2"}],"replies":[{"embeddable":true,"href":"https:\/\/www.gruposamaritano.com.br\/ges\/wp-json\/wp\/v2\/comments?post=2028"}],"version-history":[{"count":0,"href":"https:\/\/www.gruposamaritano.com.br\/ges\/wp-json\/wp\/v2\/pages\/2028\/revisions"}],"wp:attachment":[{"href":"https:\/\/www.gruposamaritano.com.br\/ges\/wp-json\/wp\/v2\/media?parent=2028"}],"curies":[{"name":"wp","href":"https:\/\/api.w.org\/{rel}","templated":true}]}}