{"id":2,"date":"2011-04-08T10:04:28","date_gmt":"2011-04-08T10:04:28","guid":{"rendered":"http:\/\/gruposamaritano.com.br\/ges\/?page_id=2"},"modified":"2023-11-02T17:16:42","modified_gmt":"2023-11-02T20:16:42","slug":"sobre","status":"publish","type":"page","link":"https:\/\/www.gruposamaritano.com.br\/ges\/sobre\/","title":{"rendered":"Institui\u00e7\u00e3o"},"content":{"rendered":"<div>\n<p>O <b>Grupo Esp\u00edrita Samaritano ( \u201cGES\u201d)<\/b>, \u00e9 uma institui\u00e7\u00e3o sem fins lucrativos, localizado no bairro do Horto Florestal, em S\u00e3o Paulo \u2013 SP. Fundada h\u00e1 41 anos, em 15 de julho de 1982, por Paulo Augusto Toledo. A principal atividade da institui\u00e7\u00e3o \u00e9\u00a0o exerc\u00edcio da <b>caridade<\/b>, divulga\u00e7\u00e3o e pr\u00e1tica da <b>doutrina Esp\u00edrita<\/b>, sem qualquer associa\u00e7\u00e3o pol\u00edtica, ou partid\u00e1ria.<\/p>\n<p>O<b> GES<\/b> \u00e9 administrado pela sua <b>Diretoria n\u00e3o remunerada<\/b> e eleita por <b>Assembleia Ordin\u00e1ria <\/b>a cada 4 anos.\u00a0 O GES possui somente trabalhadores <b>volunt\u00e1rios<\/b>, que atuam nas distintas atividades.<strong>\u00a0<\/strong><\/p>\n<p><strong>Fundado em 03.09.82 por Paulo Augusto Toledo Personalidade Jur\u00eddica \u2013 Registro n\u00ba 43.293<\/strong><\/p>\n<p><strong>Inscrito no CNPJ sob o n\u00ba 50.997.352\/0001-31<\/strong><\/p>\n<p><strong>\u00a0<\/strong><\/p>\n<p><strong>Rua Delmar Soares, 137 \u2013 Bairro Pedra Branca <\/strong><\/p>\n<p><strong>(Horto Florestal) \u2013 CEP 02435-170 S\u00e3o Paulo \u2013 SP<\/strong><\/p>\n<p><strong>Fone: (11) 2231-1354<\/strong><\/p>\n<\/div>\n","protected":false},"excerpt":{"rendered":"<p>O Grupo Esp\u00edrita Samaritano ( \u201cGES\u201d), \u00e9 uma institui\u00e7\u00e3o sem fins lucrativos, localizado no bairro do Horto Florestal, em S\u00e3o Paulo \u2013 SP. Fundada h\u00e1 41 anos, em 15 de julho de 1982, por Paulo Augusto Toledo. A principal atividade da institui\u00e7\u00e3o \u00e9\u00a0o exerc\u00edcio da caridade, divulga\u00e7\u00e3o e pr\u00e1tica da doutrina Esp\u00edrita, [&hellip;]<\/p>\n","protected":false},"author":2,"featured_media":1995,"parent":0,"menu_order":0,"comment_status":"closed","ping_status":"open","template":"","meta":{"footnotes":""},"class_list":["post-2","page","type-page","status-publish","has-post-thumbnail","hentry"],"_links":{"self":[{"href":"https:\/\/www.gruposamaritano.com.br\/ges\/wp-json\/wp\/v2\/pages\/2","targetHints":{"allow":["GET"]}}],"collection":[{"href":"https:\/\/www.gruposamaritano.com.br\/ges\/wp-json\/wp\/v2\/pages"}],"about":[{"href":"https:\/\/www.gruposamaritano.com.br\/ges\/wp-json\/wp\/v2\/types\/page"}],"author":[{"embeddable":true,"href":"https:\/\/www.gruposamaritano.com.br\/ges\/wp-json\/wp\/v2\/users\/2"}],"replies":[{"embeddable":true,"href":"https:\/\/www.gruposamaritano.com.br\/ges\/wp-json\/wp\/v2\/comments?post=2"}],"version-history":[{"count":0,"href":"https:\/\/www.gruposamaritano.com.br\/ges\/wp-json\/wp\/v2\/pages\/2\/revisions"}],"wp:featuredmedia":[{"embeddable":true,"href":"https:\/\/www.gruposamaritano.com.br\/ges\/wp-json\/wp\/v2\/media\/1995"}],"wp:attachment":[{"href":"https:\/\/www.gruposamaritano.com.br\/ges\/wp-json\/wp\/v2\/media?parent=2"}],"curies":[{"name":"wp","href":"https:\/\/api.w.org\/{rel}","templated":true}]}}

Instituição

<div>
<p>O <b>Grupo Espírita Samaritano ( “GES”)</b>, é uma instituição sem fins lucrativos, localizado no bairro do Horto Florestal, em São Paulo – SP. Fundada há 41 anos, em 15 de julho de 1982, por Paulo Augusto Toledo. A principal atividade da instituição é o exercício da <b>caridade</b>, divulgação e prática da <b>doutrina Espírita</b>, sem qualquer associação política, ou partidária.</p>
<p>O<b> GES</b> é administrado pela sua <b>Diretoria não remunerada</b> e eleita por <b>Assembleia Ordinária </b>a cada 4 anos.  O GES possui somente trabalhadores <b>voluntários</b>, que atuam nas distintas atividades.<strong> </strong></p>
<p><strong>Fundado em 03.09.82 por Paulo Augusto Toledo Personalidade Jurídica – Registro nº 43.293</strong></p>
<p><strong>Inscrito no CNPJ sob o nº 50.997.352/0001-31</strong></p>
<p><strong> </strong></p>
<p><strong>Rua Delmar Soares, 137 – Bairro Pedra Branca </strong></p>
<p><strong>(Horto Florestal) – CEP 02435-170 São Paulo – SP</strong></p>
<p><strong>Fone: (11) 2231-1354</strong></p>
</div>

<p>O Grupo Espírita Samaritano ( “GES”), é uma instituição sem fins lucrativos, localizado no bairro do Horto Florestal, em São Paulo – SP. Fundada há 41 anos, em 15 de julho de 1982, por Paulo Augusto Toledo. A principal atividade da instituição é o exercício da caridade, divulgação e prática da doutrina Espírita, [&hellip;]</p>
